l(c) = -c**2 + 3*c + 18. Let g be l(5). Suppose 89 + 47 = g*p. Suppose 0 = -p*k + 19*k - 86. What are the prime factors of k?
43
Suppose -5*u + 7241 - 202 = 3*l, 2*l = -2*u + 4698. Suppose -h + 390 = -2*a - 83, 5*h = 4*a + l. What are the prime factors of h?
7, 67
Let j(n) = 19*n + 21. Let v(b) = -37*b - 42. Let w(r) = 5*j(r) + 3*v(r). What are the prime factors of w(-8)?
107
Let p = 3977 - 2182. List the prime factors of p.
5, 359
Suppose 84 = 5*u - u. Let k = -34 - u. Let f = 77 + k. What are the prime factors of f?
2, 11
Suppose 58*c - 537002 = -136744. What are the prime factors of c?
67, 103
Let i(r) = -36*r**2 + 2*r + 2. Let w be i(-1). Let m = 124 + w. List the prime factors of (m/(-10))/(1/(-5) - 0).
2, 11
Suppose 0 = -14*q - 766 + 7668. Let n = 778 - q. What are the prime factors of n?
3, 5, 19
Suppose 4949*m - 4908*m = 1611833. List the prime factors of m.
39313
Suppose -21*n = 8 - 8. What are the prime factors of 14/35 - ((-2938)/5 - n)?
2, 3, 7
Let i = -5566 + 10075. What are the prime factors of i?
3, 167
Suppose -27264 = -2*i - 5*q, -i - 57*q = -58*q - 13646. List the prime factors of i.
2, 19, 359
Let s = -21833 - -34919. List the prime factors of s.
2, 3, 727
Suppose 2 = -5*s - 13. Let y be (s - 0/2) + -15. What are the prime factors of y/5*(-70)/3 + 4?
2, 11
Suppose -6*g + 2*g + 5984 = 5*i, 1471 = g - 5*i. What are the prime factors of g?
3, 7, 71
Let r(k) = -k**3 - 27*k**2 + 19. Let b be r(-27). Suppose b*w - 5930 = 9*w. List the prime factors of w.
593
Let k(j) = 4*j**2 + 9*j - 9. Let v = -15 + 41. Suppose -t + v = 5*y, 0*t = -5*t + 5*y + 10. What are the prime factors of k(t)?
3, 7
Suppose 0 = 10*x + 45 - 295. Let p(u) = -8*u + 37. Let f(k) = -65*k + 295. Let j(c) = x*p(c) - 3*f(c). What are the prime factors of j(-10)?
2, 3, 5
Suppose 2*s - 2*u - 73720 = 0, -13*u - 184305 = -5*s - 9*u. What are the prime factors of s?
5, 73, 101
Let w(a) = -231*a - 6884. What are the prime factors of w(-77)?
10903
Let f(l) = l**3 + 12*l**2 + 30*l - 16. Let x be f(-8). Suppose 0 = -2*v - x*v + 270. List the prime factors of v.
3, 5
Suppose -10 = -12*y + 14. Suppose y = -2*z + 4*z. What are the prime factors of (z - 0) + 30 + 4/(-1)?
3
Let n(o) = 9*o + 99. Let d be n(-12). Let l(k) = -k**3 - 5*k**2 + 29*k. What are the prime factors of l(d)?
3, 7
Suppose -42*z + 54 = -24*z. Let p(m) = -3*m**3 + 2*m - 2. Let w be p(-3). Suppose 3*r = g - w, -3*g - g = -z*r - 274. What are the prime factors of g?
67
Let o = -3791 + 11951. What are the prime factors of o?
2, 3, 5, 17
Let t(h) = h**3 - 3*h + 1. Let i = 39 - 37. Let x be t(i). Suppose 4*l + 4*k - 44 = x*l, 3*l + 2*k = 142. List the prime factors of l.
2, 3
What are the prime factors of 208*(-2440)/183*(-30)/8?
2, 5, 13
List the prime factors of (25 - 26)/((-3)/31137).
97, 107
Suppose 5*z - f = -3*f + 5783, 4625 = 4*z + 3*f. Suppose z = 3*t - 2*v, -5*v + 823 + 1122 = 5*t. What are the prime factors of t?
3, 43
Suppose 159*m - 3313654 - 123348 = 2976581. List the prime factors of m.
11, 19, 193
Let t be (-5)/(-5) + 7 + 6. Let f = t - 9. List the prime factors of f.
5
Let k be 147/12 + -1*(-2)/(-8). Suppose -k*q + 4476 + 11676 = 0. Suppose -14*l = -q + 352. What are the prime factors of l?
71
Let o = -34 + 54. Let s(j) = -j**3 + 21*j**2 - 17*j - 34. Let p be s(o). Suppose -z - p = -286. List the prime factors of z.
2, 5, 13
List the prime factors of (-15318900)/(-612) + (249/(-51) - -5).
25031
Let j be (-19 - -12) + (1*-2)/(-2). What are the prime factors of j/(-33) + 52640/154?
2, 3, 19
Let s(v) = 2*v**3 - 82*v**2 + 273*v - 45. List the prime factors of s(43).
2, 5, 23, 83
Let q(m) = m**3 + 14*m**2 + 8*m + 11. Let r be (117/6)/((5/(-2))/(-5)). Suppose -n - r = 2*n. List the prime factors of q(n).
2, 19
Suppose 4*b = -11 + 55. Suppose -10*j + b*j = 403. What are the prime factors of j?
13, 31
Suppose 42*c = 38*c - 5*q + 35, 0 = -5*c + q + 22. Suppose 0 = -4*a + 2*w + 3734, 0 = -c*a + 5*w - 2*w + 4667. What are the prime factors of a?
2, 467
Suppose 0 = 4*c + 20, 30*c - 20260 = -5*r + 25*c. List the prime factors of r.
4057
Suppose 3*m - 4*l - 9446 = 0, 2*l - 6288 = -9*m + 7*m. What are the prime factors of m?
2, 11, 13
Let w = 4 + 9. Suppose w*u = u + 120. Suppose u*i - 286 = 284. List the prime factors of i.
3, 19
Suppose -19*b + 10640 = -9*b. Suppose 12*a - b = -2*a. List the prime factors of a.
2, 19
Suppose -c = 27*c - 3416. Let q = 86 + c. What are the prime factors of q?
2, 13
Let l(p) = -p**3 + 24*p**2 + p - 27. Let u be l(24). Let r be (-3)/3 + u + 8. Suppose -4*k = r*k - 232. What are the prime factors of k?
29
Suppose 0 = -3*f - 12, -2*z + 15 - 3 = 3*f. Suppose -17*p = -z*p + 60. List the prime factors of 2/p - 1310/(-12).
109
Let o(p) = 2*p**2 + 3*p - 16. Let c be o(7). Let x = c - 235. What are the prime factors of 1170/22 + 24/x?
53
Let n = 3004 + -1338. Let x = n + -847. What are the prime factors of x?
3, 7, 13
Suppose 181*k = 5*o + 184*k - 27047, -4*o + k = -21658. List the prime factors of o.
5413
Let w(d) = -84*d + 792. What are the prime factors of w(-54)?
2, 3, 37
Let l be (1 - (-6 + 4)) + 7. Suppose l*h - 302 - 468 = 0. What are the prime factors of h?
7, 11
Let p = 168 - 170. Let f(s) = -232*s - 21. What are the prime factors of f(p)?
443
Let s be 1/((-9908)/1652 - -6). Suppose g - 6*a = 4*g - 582, -a = -2*g + s. What are the prime factors of g?
2, 3, 17
Let x = -17328 + 37307. What are the prime factors of x?
19979
Let b(i) = 24*i**2 + 4*i - 11. Let c(z) = 12*z**2 + 2*z - 5. Let g(f) = -2*b(f) + 5*c(f). What are the prime factors of g(-3)?
3, 11
Let q(z) = -4*z**2 + 9*z + 9. Let l be q(3). Suppose l = 2*h - d - 2061, 4*h - 6*h + 2*d = -2058. List the prime factors of h.
2, 3, 43
Suppose 0 = 3*z - 200 + 857. Suppose -170*d - 2*h = -167*d - 932, 5*d + 4*h - 1556 = 0. Let f = z + d. What are the prime factors of f?
89
List the prime factors of 218*585/26 + -7.
2, 31, 79
Let u(s) = s**2 + 8*s + 2534. List the prime factors of u(0).
2, 7, 181
Suppose -3*o - 1125*y = -1130*y - 103067, 5*y = -5*o + 171845. List the prime factors of o.
2, 11, 71
Let r = -3 - -12. Let x = r - 5. Suppose -222 = -4*s + v - 2*v, 0 = x*s + 2*v - 224. List the prime factors of s.
5, 11
Suppose 0 = 89*p - 195*p + 1976900. What are the prime factors of p?
2, 5, 373
Suppose v = 4*v + 4*i - 189, -v + i = -70. Let c = 528 - v. List the prime factors of c.
461
Let a(i) = 8*i**3 - 3*i**2 + 11*i - 85. List the prime factors of a(5).
5, 179
Let k = 2397 + -404. List the prime factors of k.
1993
Suppose 3*z + 3*p = 8625, -4*z = 5*p - 0*p - 11504. List the prime factors of z.
3, 11, 29
Let c(w) = -3*w - 19 - 13 + 55 - 14. Let z be c(6). What are the prime factors of 6*(1 + 6/z)?
2
Let d(a) = -a**2 - 4*a + 20. Suppose -92 = 5*k + 4*x + 112, 0 = -x + 4. Let r = -50 - k. List the prime factors of d(r).
2
Let y(z) = -38 + 14*z + 11*z**2 - 7*z**2 + 12*z + 15. Let o = -9 - 1. List the prime factors of y(o).
3, 13
What are the prime factors of 1953500/250 - (-10)/1?
2, 3, 163
Suppose 28 = -5*s + 9*s. Suppose -s*j + 4*j = 5*c - 1574, -326 = -c + 5*j. Suppose 3*m - n = c, 0 = -m - 0*m - n + 100. What are the prime factors of m?
2, 13
Suppose 37*f + 16 = 29*f. What are the prime factors of 7/f*(774/(-6) - 5)?
7, 67
Suppose 253*m - 591203 = 159766 + 174758. What are the prime factors of m?
3659
Let c be 21/(-2)*34/(-51). Let q be (-6)/(-45) - 4/30 - c. List the prime factors of 3 + 7/(q/(-45)).
2, 3
Let n(k) = -447*k - 37 - 381*k + 219*k - 15*k. What are the prime factors of n(-3)?
5, 367
Let i = 94 - 330. List the prime factors of 5*-7*27/(270/i).
2, 7, 59
Let a be -2 + 28/13 + (-13632)/52. Let p = a + 581. What are the prime factors of p?
11, 29
Suppose -2 = -14*n + 13*n. Suppose 0*p - 280 = -5*k + n*p, -2*k = -p - 111. Let u = 19 + k. List the prime factors of u.
7, 11
Let w be 4 - (-2 + 0)/(3/18). Suppose -21*h - 65 = -w*h. Let x = 52 - h. List the prime factors of x.
5, 13
List the prime factors of ((-15410)/(-20) - -15)*2.
1571
Let y(r) = 2*r**2 + 2*r. Let c be y(-6). Suppose -d - c = -5*d. Suppose 0 = -d*z + 12*z + 99. List the prime factors of z.
3, 11
Let u = -7075 - -14981. What are the prime factors of u?
2, 59, 67
Suppose 96*p - 108602 = 73510. What are the prime factors of p?
7, 271
Suppose -b + 2*b = 4*b. Supp